isor of 792 and l.
132
Suppose -3*z + 135 = -g, -3*g + 125 + 100 = 5*z. Calculate the highest common divisor of z and 3195.
45
Suppose 2*a - 288 = -2*a. Let z be ((194/(-5))/2)/(4/(-20)). Let v = z + -89. What is the greatest common factor of v and a?
8
Suppose 4*v + 2*y + 398 = 2*v, 5*v + 4*y + 999 = 0. Let i be (-2 + -355)/(3 + 4/(-1)). Let x = v + i. Calculate the greatest common factor of 14 and x.
14
Let c(q) = 3*q**2 - 4*q - 45. Let u be c(-5). Let a(l) = 40*l. Let j be a(4). Let z = j + -85. Calculate the highest common factor of z and u.
25
Let a = -855073 + 855083. Suppose -161 = -3*w + 349. Calculate the greatest common factor of w and a.
10
Let a = -12887 + 12942. What is the highest common factor of a and 2761?
11
Suppose 5 - 12 = -7*q. Suppose 3*p - 2*n + 1 = -0*p, -q = -3*p + 4*n. Let i be ((-57)/(-76))/(p/(-64)). Calculate the greatest common factor of i and 72.
24
Suppose 5*h + 940 = 5*r, 66*r = 67*r + 5*h - 200. Calculate the highest common divisor of 15390 and r.
190
Let p = 13 + -8. Let i(o) = 23*o - 366. Let m be i(16). Calculate the greatest common divisor of p and m.
1
Let m(f) = 9*f + 459. Let x be m(-49). Calculate the greatest common divisor of x and 549.
9
Suppose 571 = 2*k - f, -2*f = -2*k + 169 + 397. What is the greatest common divisor of 20 and k?
4
Let l(j) = 2*j**3 + 11*j - 10. Suppose 0 = -12*f - 3 + 15. Let i be l(f). Let g = -1 - -4. What is the highest common factor of g and i?
3
Let j = 88 + -83. Suppose -x + y + 112 = 0, 4*x - 5*y + 82 = j*x. Let p be (4 + -4 - -3) + x. Calculate the highest common factor of p and 11.
11
Let k = 1430 - 1389. Calculate the highest common factor of k and 2173.
41
Let i(x) = 5*x - 83. Let n be i(20). Let b be n/((-340)/(-8)) - 28/(-5). What is the highest common factor of 27 and b?
3
Let c(v) = -5*v**3 + 14*v**2 + 24*v + 14. Let u be c(-5). What is the greatest common factor of u and 237?
79
Let q = 3606 + -3228. What is the highest common divisor of 182 and q?
14
Let a = -175 - -102. Let j(x) = -103*x - 317. Let l be j(-4). Let i = l + a. What is the highest common factor of i and 77?
11
Let j(z) = -3*z + 727. Let c be j(-47). What is the highest common factor of c and 186?
62
Let v(k) = 104*k + 27. Let i be v(3). Let u = i + -29. What is the greatest common divisor of u and 30?
10
Let b be 4567/(-2)*(-74)/37 - 11. What is the greatest common divisor of b and 272?
68
Let k be (-33)/((-4)/32*3). Let u = 566 - 544. Calculate the highest common factor of u and k.
22
Let q(g) = 2*g**3 - 52*g**2 - 31*g + 857. Let k be q(26). Calculate the greatest common divisor of 9146 and k.
17
Let w(y) = 84*y - 827. Let s be w(10). What is the greatest common factor of 13312 and s?
13
Let i(m) = -19*m. Let r be i(-1). Let o = -3884 + 3979. What is the greatest common factor of r and o?
19
Let x(u) = 99*u - 93. Let q be x(1). What is the greatest common divisor of 489 and q?
3
Suppose -5*y + 4*g - 182 = 0, -4*y + g - 150 = -0*g. Suppose 0 = 2*z - 6. Let v be 3*(z - y/(-12))*-4. What is the greatest common divisor of 18 and v?
2
Let b = -23980 + 23983. Suppose 2*g + 3*i - 48 = 9, 2*i = -2. Let u be 24/15*g/4. Calculate the greatest common divisor of b and u.
3
Let u be (1 - 4/3)*-132. Suppose -y = 3*p + 4*y + 7, y = 5*p - 35. Let j be p + (-3)/1 - -19. What is the highest common divisor of u and j?
22
Suppose -5*c = 6*m - 3*m - 124, -2*c + 2*m + 40 = 0. Suppose -3*f = -f - 598. Calculate the greatest common factor of f and c.
23
Let h(c) = -107*c - 256. Let s be h(-9). Let b = s + -695. Calculate the greatest common divisor of b and 12.
12
Let x be 50/14 - ((-288)/56)/12. Suppose -x*y = 14*y - 3078. Calculate the greatest common divisor of y and 27.
9
Let v be 8 - (74/3)/((-45)/270). Calculate the greatest common divisor of v and 793.
13
Let m = 4013 - 3989. Calculate the highest common divisor of 64 and m.
8
Let w = 400 + -285. Let y be (8 + 594/(-72))/((-2)/80). Calculate the highest common factor of y and w.
5
Suppose 15*i - 19*i = 0. Suppose -418*w + 421*w - 180 = i. Calculate the highest common divisor of 150 and w.
30
Let y(t) be the second derivative of t**4/12 + 19*t**3/6 + 56*t**2 + 163*t. Let j be y(-8). What is the highest common factor of 56 and j?
8
Let s(n) = 10*n**2 + 3*n - 1. Let h be s(-3). Suppose 1104*v + 32 = 561*v + 551*v. Suppose -h = -v*d + 16. What is the greatest common factor of 12 and d?
12
Suppose -l + 78 = 49*q - 45*q, 78 = l - 5*q. Suppose 64*y - l*y = -1960. Calculate the greatest common factor of y and 112.
28
Let q = 811 + -727. Calculate the highest common factor of q and 114.
6
Let s(d) = 13*d**2 + 37*d + 226. Let w be s(22). Calculate the greatest common divisor of 752 and w.
188
Suppose -4*u - 5*z = -888, 5*u = -z + 1053 + 57. Let a = u + -108. What is the highest common divisor of a and 399?
57
Suppose -3*t - 108 = -396. Suppose 4*x - 8 = -b, -5*b = -5*x + t - 11. Let m be (-34)/b + (-2 - 39/(-18)). What is the greatest common divisor of m and 6?
3
Let f(a) = -2*a - 17. Let k(w) = w**3 + 4*w**2 - 4*w - 7. Let z be k(-5). Let t be f(z). What is the highest common divisor of 56 and t?
7
Let z be 38332/(-111)*(-15)/20. Calculate the highest common factor of 28 and z.
7
Suppose -2*l = -2*f - 5926, 4*l - 9010 = 2*f + 2838. Calculate the greatest common divisor of 126 and l.
63
Suppose -2*y - 182 = -5*f, f - 5*y + 10 = 28. Suppose 470 = 5*b + h, 4*b - b - 310 = 5*h. What is the greatest common divisor of b and f?
19
Let t be (-539)/(-21)*11790/210. What is the highest common factor of 524 and t?
131
Suppose 3*t - 4 = -2*y, -6*y = 2*t - y - 10. Suppose 4*h - 26 - 6 = t. Let k be ((-8)/(-20))/(3/60). Calculate the greatest common divisor of h and k.
8
Let w(m) = -14*m**2 + 15 + 11*m**2 - 17*m + m**3 + 18*m**2. Let b be w(-16). Let v = b - -50. What is the greatest common divisor of v and 27?
27
Suppose 2*g + 2*q = 704, -2*q + q - 350 = -g. Let z be 6/10 - g/(-65). What is the highest common factor of z and 126?
6
Suppose -4*v = -3*w + 588, 3*w + 3*v = 2*w + 183. Let s be (-2 + 8)*1/(-1) - (57 + -69). What is the highest common divisor of s and w?
6
Suppose 136*z - 352920 = -84*z + 16*z. What is the highest common factor of z and 30?
10
Suppose 145 = t + 54. Let c(r) = 2*r**3 - 21*r**2 + 6*r. Let y be c(10). Let j = y - -53. What is the highest common divisor of j and t?
13
Let v = -7421 + 7427. What is the highest common factor of v and 498?
6
Let t(d) = 3*d**2 - 15*d + 22. Let j be t(5). Let x(n) = n - 9. Let b be x(17). Suppose -b*k + 10*k - 484 = 0. Calculate the highest common divisor of k and j.
22
Let q(f) = 19*f. Let o = 41 + -29. Let r = o - 11. Let s be q(r). What is the highest common factor of 133 and s?
19
Suppose 71 - 73 = -2*p. Calculate the highest common divisor of p and 828.
1
Let t = 476 + -411. Suppose -t = -o - 60. Calculate the highest common factor of 5 and o.
5
Let p be (-3)/21*2046 + 6/21. Let u = p + 333. What is the greatest common divisor of u and 123?
41
Let b be 1887 + (88/48 - 1)*6. Calculate the highest common factor of 176 and b.
44
Suppose -5*n + n + 157 = -g, -92 = -2*n - 4*g. Let d = n + -46. Let r be 3 + -3 + d/(-2). What is the highest common divisor of r and 4?
1
Let j = -9385 + 28675. Calculate the highest common divisor of 30 and j.
30
Suppose -r - 2255 = -8*r + 3478. What is the greatest common factor of r and 504?
63
Suppose -d + 255 = -0*d - 5*c, -486 = -2*d - 2*c. Let t be d/9 + ((-40)/(-45))/(-4). What is the greatest common factor of 243 and t?
27
Let o = -89 - -176. Let p(d) = 2*d - 30. Let x be p(16). Suppose -m = x*m - o. Calculate the highest common factor of m and 29.
29
Let t be (-324)/(-22) - 198/(-726). Calculate the highest common divisor of t and 288.
3
Suppose 3*r - 4*j - 5541 = 0, j + 57 - 63 = 0. What is the highest common factor of 70 and r?
35
Suppose 295 = 2*h - 5*r, 0 = 2*h - 41*r + 38*r - 293. What is the highest common divisor of h and 305?
5
Let a(v) = -319*v**3 + 3*v**2 + 11*v + 10. Let m be a(-2). Let f = m - 1496. Calculate the greatest common divisor of 88 and f.
88
Let f = -61 - -70. Let h be (-40)/(-12) + -2 - 10/(-15). Calculate the greatest common factor of h and f.
1
Let h(i) = 3*i**2 + i - 6. Suppose 0 = -15*m + 24 - 69. Let j be h(m). Calculate the greatest common factor of 423 and j.
